
What is the millions digit of 2232123?
2
What is the thousands digit of 773318?
3
What is the tens digit of 192121?
2
What is the thousands digit of 161269?
1
What is the thousands digit of 110214?
0
What is the ten thousands digit of 1287060?
8
What is the hundreds digit of 22534862?
8
What is the tens digit of 1582085?
8
What is the ten thousands digit of 623024?
2
What is the units digit of 4135908?
8
What is the thousands digit of 729965?
9
What is the hundreds digit of 12052981?
9
What is the units digit of 43142?
2
What is the thousands digit of 551950?
1
What is the tens digit of 776131?
3
What is the hundreds digit of 304034?
0
What is the millions digit of 11978349?
1
What is the hundred thousands digit of 114107?
1
What is the hundred thousands digit of 14618990?
6
What is the hundreds digit of 2005818?
8
What is the units digit of 3095610?
0
What is the hundred thousands digit of 1642589?
6
What is the hundreds digit of 759423?
4
What is the hundreds digit of 1187048?
0
What is the thousands digit of 14139301?
9
What is the thousands digit of 4740198?
0
What is the thousands digit of 86739?
6
What is the ten thousands digit of 488306?
8
What is the millions digit of 8047602?
8
What is the hundreds digit of 13867881?
8
What is the units digit of 6830280?
0
What is the thousands digit of 2636177?
6
What is the tens digit of 495608?
0
What is the hundred thousands digit of 5262017?
2
What is the tens digit of 13137811?
1
What is the hundred thousands digit of 312862?
3
What is the hundred thousands digit of 483738?
4
What is the hundreds digit of 6749122?
1
What is the millions digit of 1152660?
1
What is the hundred thousands digit of 854737?
8
What is the thousands digit of 418785?
8
What is the millions digit of 1490633?
1
What is the tens digit of 9436949?
4
What is the units digit of 6117932?
2
What is the thousands digit of 25254305?
4
What is the hundreds digit of 16628050?
0
What is the hundred thousands digit of 5540507?
5
What is the hundreds digit of 417173?
1
What is the thousands digit of 733643?
3
What is the ten thousands digit of 9568212?
6
What is the tens digit of 412281?
8
What is the ten thousands digit of 894857?
9
What is the hundred thousands digit of 256042?
2
What is the ten thousands digit of 13542012?
4
What is the millions digit of 2100152?
2
What is the hundreds digit of 2062704?
7
What is the hundreds digit of 1119257?
2
What is the tens digit of 529214?
1
What is the ten thousands digit of 1807776?
0
What is the units digit of 20234365?
5
What is the units digit of 2907494?
4
What is the thousands digit of 4618769?
8
What is the ten thousands digit of 126453?
2
What is the millions digit of 3920105?
3
What is the tens digit of 504502?
0
What is the units digit of 817452?
2
What is the hundreds digit of 360102?
1
What is the tens digit of 491166?
6
What is the ten thousands digit of 5139920?
3
What is the units digit of 433294?
4
What is the hundreds digit of 106552?
5
What is the ten millions digit of 29636126?
2
What is the millions digit of 11096063?
1
What is the hundred thousands digit of 606989?
6
What is the millions digit of 10540840?
0
What is the hundred thousands digit of 121400?
1
What is the ten thousands digit of 13036758?
3
What is the thousands digit of 660712?
0
What is the hundreds digit of 559147?
1
What is the units digit of 761278?
8
What is the ten millions digit of 20090323?
2
What is the tens digit of 1778043?
4
What is the hundred thousands digit of 208065?
2
What is the hundred thousands digit of 15430192?
4
What is the tens digit of 983229?
2
What is the thousands digit of 42581476?
1
What is the hundreds digit of 34254?
2
What is the hundred thousands digit of 10715311?
7
What is the ten thousands digit of 31071976?
7
What is the hundred thousands digit of 10954709?
9
What is the thousands digit of 205016?
5
What is the hundred thousands digit of 8504955?
5
What is the hundreds digit of 1220218?
2
What is the units digit of 3052975?
5
What is the tens digit of 7242133?
3
What is the ten thousands digit of 380986?
8
What is the hundred thousands digit of 116738?
1
What is the ten thousands digit of 5479855?
7
What is the ten thousands digit of 406950?
0
What is the ten thousands digit of 306142?
0
What is the hundred thousands digit of 426745?
4
What is the hundred thousands digit of 1362240?
3
What is the millions digit of 10340394?
0
What is the hundred thousands digit of 4786709?
7
What is the hundreds digit of 159552?
5
What is the millions digit of 11316691?
1
What is the hundreds digit of 20512355?
3
What is the ten thousands digit of 4111303?
1
What is the hundred thousands digit of 304301?
3
What is the units digit of 843812?
2
What is the units digit of 141128?
8
What is the hundreds digit of 423206?
2
What is the units digit of 462711?
1
What is the hundred thousands digit of 311826?
3
What is the units digit of 22642?
2
What is the hundred thousands digit of 6574728?
5
What is the tens digit of 786199?
9
What is the hundred thousands digit of 199609?
1
What is the units digit of 408906?
6
What is the hundred thousands digit of 125292?
1
What is the ten thousands digit of 131227?
3
What is the units digit of 518478?
8
What is the hundred thousands digit of 138014?
1
What is the thousands digit of 400362?
0
What is the ten thousands digit of 198569?
9
What is the hundred thousands digit of 173998?
1
What is the ten thousands digit of 27476785?
7
What is the ten thousands digit of 319455?
1
What is the hundreds digit of 223532?
5
What is the units digit of 1646025?
5
What is the hundred thousands digit of 1328029?
3
What is the hundred thousands digit of 1643222?
6
What is the units digit of 605990?
0
What is the tens digit of 241629?
2
What is the units digit of 258234?
4
What is the thousands digit of 1662894?
2
What is the hundred thousands digit of 4857385?
8
What is the millions digit of 1092305?
1
What is the hundreds digit of 3789967?
9
What is the hundreds digit of 25947?
9
What is the ten thousands digit of 130420?
3
What is the hundred thousands digit of 235270?
2
What is the tens digit of 9247?
4
What is the tens digit of 42513?
1
What is the tens digit of 2425792?
9
What is the tens digit of 2384196?
9
What is the units digit of 964493?
3
What is the ten thousands digit of 165854?
6
What is the thousands digit of 70635?
0
What is the hundreds digit of 915058?
0
What is the ten thousands digit of 13602313?
0
What is the hundreds digit of 990121?
1
What is the tens digit of 1410861?
6
What is the hundreds digit of 853437?
4
What is the ten thousands digit of 31874652?
7
What is the units digit of 7112206?
6
What is the tens digit of 70552?
5
What is the hundreds digit of 333310?
3
What is the ten thousands digit of 16097143?
9
What is the hundreds digit of 305181?
1
What is the hundreds digit of 1568781?
7
What is the hundreds digit of 86848?
8
What is the hundreds digit of 225150?
1
What is the ten thousands digit of 2538107?
3
What is the units digit of 8970318?
8
What is the units digit of 4904117?
7
What is the millions digit of 13977672?
3
What is the hundreds digit of 64677?
6
What is the millions digit of 6603702?
6
What is the units digit of 117006?
6
What is the hundred thousands digit of 19912467?
9
What is the tens digit of 14096392?
9
What is the tens digit of 271020?
2
What is the hundred thousands digit of 7926748?
9
What is the ten thousands digit of 889716?
8
What is the hundred thousands digit of 317332?
3
What is the tens digit of 4307997?
9
What is the hundreds digit of 1630206?
2
What is the thousands digit of 34411468?
1
What is the hundreds digit of 7856019?
0
What is the thousands digit of 537926?
7
What is the thousands digit of 576829?
6
What is the units digit of 915108?
8
What is the millions digit of 1094657?
1
What is the tens digit of 7096249?
4
What is the hundreds digit of 2330075?
0
What is the tens digit of 459211?
1
What is the millions digit of 3172398?
3
What is the hundreds digit of 63929?
9
What is the ten thousands digit of 1074817?
7
What is the hundred thousands digit of 2998373?
9
What is the ten thousands digit of 384427?
8
What is the millions digit of 14002279?
4
What is the units digit of 12115965?
5
What is t